 = -a**2 + 9*a - 13. Let t be n(7). Let h be c(t). What is the units digit of 5/15*831 + h?
5
Let j(w) = 265*w + 125. Let t(a) = a - 2. Let g(d) = -j(d) + 6*t(d). What is the tens digit of g(-7)?
7
Suppose 10*o = 16*o - 18. What is the hundreds digit of (-186)/9*o/(-4)*22?
3
Let i be 28250/15 - 6/(-9). Let o = i - 1119. What is the tens digit of o?
6
Let l be (-6)/(-9) + 7140/36. Let y = l + 246. What is the units digit of y?
5
Suppose -t = -a - 1373, 3*t - 4*a = 1611 + 2509. Let c = -794 + t. What is the tens digit of c?
7
Suppose -3*d + 31829 = y, -5*y + 133*d + 159171 = 135*d. What is the hundreds digit of y?
8
Let j be ((-4)/(-6))/((-3)/(-9)). Let s(t) = -19*t + 10. Let d(n) = -18*n + 8. Let y(r) = -6*d(r) + 5*s(r). What is the tens digit of y(j)?
2
Let y = -284 + 288. Suppose m = 4*v - 3*m - 2228, -y*v + 2258 = 2*m. What is the tens digit of v?
6
Let k be (-2)/(-6) + (-8)/6 - 4. Let b(j) = j**2 - 6*j - 10. Let l be b(k). What is the tens digit of 83/5 + 18/l?
1
Let s(m) = -2*m**2 + 62*m - 1. Suppose 4*b + 3*x = 106, -3*b + b - x + 52 = 0. What is the units digit of s(b)?
9
Suppose 0 = k + 2*s - 12193, k + 942 = -3*s + 13129. What is the tens digit of k?
0
Suppose -x + 1016 + 1616 = -5*c, -7*c = -2*x + 5249. What is the hundreds digit of x?
6
Suppose -7 + 21 = 3*a - 2*w, -3*a + 44 = 4*w. Suppose -a = -2*l + 6. Suppose i - l + 482 = 4*o, 4*i = -2*o + 260. What is the tens digit of o?
2
Let k(z) = -2*z**2 + 122*z + 88. What is the thousands digit of k(50)?
1
Let q(j) = 4*j**2 + 21*j + 39. What is the hundreds digit of q(-14)?
5
Let c(i) = -32*i**3 - 5*i**2 - 26*i - 38. What is the units digit of c(-8)?
4
Let k(o) = -o - 1. Suppose 2*y - 1 = l + 2, 0 = 3*y + 4*l - 10. Let w(d) = 6*d - 2. Let s(f) = y*w(f) + 18*k(f). What is the units digit of s(-10)?
8
Let r = 120 + -116. Suppose 5*k - 15 = r*k + 5*v, 2*k - 4*v - 12 = 0. What is the hundreds digit of -2 + (-460)/(-4) + k?
1
Let y be ((-7)/(-14))/(3/150). Let m(x) = -x**3 + 25*x**2 + 7*x - 50. What is the tens digit of m(y)?
2
Let i be 1/((-5 + 2)/(-15)). Let v(f) = 55*f**3 - 3*f - 2. Let m be v(-1). Let q = i - m. What is the units digit of q?
9
Suppose 1055 + 1645 = -2*d - u, -2*d - 5*u = 2684. Let p = d - -2491. What is the thousands digit of p?
1
Let a(s) = 8652*s**2 - 17*s + 38. Let h be a(2). Suppose -53*c + h + 25225 = 0. What is the tens digit of c?
2
What is the units digit of ((-50)/(-3))/((5/12)/((-219640)/(-1216)))?
5
Let r be (-2 - 4614/(-12)) + (-1)/(-2). Suppose -2*w = -8, 2*k + 2*w - 253 = r. Suppose -4*c = -k - 582. What is the hundreds digit of c?
2
What is the hundreds digit of 536*(4 + 5 + 54/12)?
2
Let h(m) = 13309*m**2 - 3*m + 7. What is the ten thousands digit of h(1)?
1
Suppose b - 18 = -5*r, -4*b - 2*r + 54 = -0*r. Let m be (4/10)/(b/65). Suppose -5*q + 40 + 61 = 4*g, 4*q - 46 = -m*g. What is the units digit of g?
9
Suppose 5*o + 8*d = 33474, o + 7*d - 5*d - 6694 = 0. What is the thousands digit of o?
6
Let g = 64860 - 32223. What is the tens digit of g?
3
Let n = 15665 + -3954. What is the units digit of n?
1
Let w(y) = y**2 + 8*y + 1. Suppose 153 = -10*d - 7*d. Let l be w(d). Suppose -550 = l*r - 2110. What is the hundreds digit of r?
1
Let f be 95/15 - (-12)/(-9). Let d be 8/20*f - (-7 + 2). Let s(m) = 3*m + 39. What is the tens digit of s(d)?
6
Suppose i + 24*y - 30*y - 27173 = 0, 2*y = 2*i - 54316. What is the tens digit of i?
5
Let c be (0 + -3 - -3)*-1. Suppose i - 2*t + 21 = c, -3*t + 16 = -i - 6. What is the tens digit of ((-4)/5*i)/((-8)/(-40))?
7
What is the hundreds digit of -8 - (-11211 + (-54)/9) - 7?
2
Let g = 11779 + -6538. What is the hundreds digit of g?
2
Let j(k) = -67*k**3 - 6*k**2 + 13*k + 9. What is the tens digit of j(-7)?
0
Suppose 23*z - 58 = -12. Suppose -z*j = 6, -n + 2*n = 2*j + 399. What is the units digit of n?
3
What is the tens digit of 9/(-36)*-20 + 2189?
9
Suppose -28*a + 329386 = -46473 + 31291. What is the tens digit of a?
0
Suppose -5*d + 49*f = 45*f - 36770, -29416 = -4*d - 4*f. What is the units digit of d?
4
Suppose -274*s + 9960793 - 90491 = 0. What is the units digit of s?
3
Let i = -68 - -85. Let z = 23 - i. Suppose -2*c = -z*c + 944. What is the units digit of c?
6
Suppose 4*z - 3*g = 9*z - 28, -2*z + 13 = 3*g. Let y(v) = 90*v + 36. What is the tens digit of y(z)?
8
Let z(u) = 418*u + 29. Suppose -10*h = 4*h - 42. What is the thousands digit of z(h)?
1
Let n = -9 + 11. Suppose 0 = 5*y - d - 24, 2*d = n*y - 2*d - 6. Suppose y*g + 5*z - 520 = -0*z, z + 199 = 2*g. What is the tens digit of g?
0
Let b = 141 - 134. Suppose -b*j = -10*j + 1389. What is the hundreds digit of j?
4
Suppose 5*p + g = -305, 169 = -3*p + 4*g + 9. Let l be 0*(-1)/(-3) + p. Let v = l + 116. What is the tens digit of v?
5
Let z = 27773 - 16389. What is the ten thousands digit of z?
1
Suppose 0 = -4*z - 5*l + 1, -3*z = -2*l - 1 + 6. Let a be (1 + z*10)*(-288)/(-54). What is the units digit of ((-3)/(-6) + 1)/((-18)/a)?
4
Let c(o) = o**3 - 10*o**2 + 9*o + 15. Let v be c(9). Suppose 5*u + 2*k = 15, 0 = -0*u - 2*u - 5*k - v. Let r(d) = 40*d + 18. What is the units digit of r(u)?
8
Let j be (2/(-4))/(4/72*-3). Suppose -j*h = 4 - 10. Suppose 3*l + 181 = 4*s, h*s - l - 95 = 2*l. What is the units digit of s?
3
Suppose 3*h - 33441 = -5*m - 8138, 2*h = -m + 16864. What is the hundreds digit of h?
4
Let q = -1435 - -1979. What is the tens digit of q?
4
Let v(w) = -4*w**2 - 6*w**3 + 4*w**3 - 3*w**2 - w. Suppose 141*q + 220 = 97*q. What is the units digit of v(q)?
0
Let w = -12622 - -19300. What is the thousands digit of w?
6
Let p(m) = 49*m - 28. Suppose -4*g - 4*u = -32, u = -g + 5*g - 42. What is the hundreds digit of p(g)?
4
Suppose -91*d - 182048 = -107*d. What is the ten thousands digit of d?
1
Suppose -68*s + 848897 = -252839. What is the thousands digit of s?
6
Let c(p) = 20*p**2 + 6*p + 28. Suppose 1 = -14*h - 41. What is the units digit of c(h)?
0
Let h = 137 + -133. Suppose -5*d = -5*j - 2685, -h*d - 2*j - 692 = -2864. What is the units digit of d?
1
Suppose -7*b + 189132 + 7623 = 6*b. What is the ten thousands digit of b?
1
Let k(o) = 15*o**3 - 3*o**2 - 5*o - 3. Let t be k(-1). What is the tens digit of (3 + 2)*36 + t/(-4)?
8
Suppose 14 = -k + 4*u, 4*u - 24 = -2*k - u. Let o(a) = -2 - k + 2*a**2 + a + 2*a. What is the units digit of o(2)?
0
Let d = 15133 - 12534. What is the tens digit of d?
9
Suppose -12*p = -9975 - 5253. What is the units digit of p?
9
Let u(m) = 2*m**2 + 27*m + 111. Let d be u(-10). Suppose -4 = n, -b = n - d - 1. What is the tens digit of b?
4
Let p(l) = l**3 - 18*l**2 - 17*l - 44. Let g be p(19). Let m(i) = -91*i + 51. What is the units digit of m(g)?
7
Let u(p) = 11*p**2 + 2*p - 9. Let f be u(-7). Suppose 4*s + 4*l - f = 0, s - 4*l - l - 147 = 0. What is the hundreds digit of s?
1
Suppose -2*x + 3*q + 7 = -x, -4*x + 19 = -3*q. Suppose 0 = 3*z - x*f + 3, -4*f = -5*f + 3. Suppose 3*b = z, -2*n = -b + 6*b - 15. What is the units digit of n?
5
Let c(f) = -97*f + 3. Let l be (1 - -5) + (-9 - -2). What is the hundreds digit of c(l)?
1
Suppose 0 = -3*q - 0 - 6, -b - q = -15. Suppose 25*o - b*o = 3160. What is the tens digit of o?
9
Suppose -1042*i + 1055*i - 157495 = 0. What is the thousands digit of i?
2
What is the tens digit of (-6)/(-8) + 259400/32?
0
Let d(a) = 54*a**2 + 2. Let h(s) = 7*s + 29. Let f be h(-4). Let x be d(f). Suppose 3*y - 31 - x = 0. What is the tens digit of y?
2
Let p(q) = 15*q - 61. Let x be p(10). Suppose -s + k + x = 2*k, -4*k = s - 74. What is the tens digit of s?
9
Let f be (-4)/(-6) + -15*(-10)/45. Let m(y) = y - f + 4 + y**2 + 7 + 2. What is the units digit of m(0)?
9
Suppose 13795 = 35*x - 20925. What is the units digit of x?
2
Suppose 2*v + 3*r - 138 = 0, 2*v - 153 = -5*r - 7. Let n(y) = 10 - 32 + 16 + v*y + 10. What is the tens digit of n(3)?
9
Suppose 0 = -2*z + 7*z + 5. Let b be (-44 - z)*-2 + 4. Suppose 6*n = -4*d + 4*n + 180, 0 = 2*d + 5*n - b. What is the tens digit of d?
4
Suppose 698037 + 1728933 = 127*m. What is the thousands digit of m?
9
Let y(l) = l**2 - 6*l + 26. Let q(x) = x**2 - 6*x + 27. Suppose 15 = 3*u - 8*u, -5*u = -3*c + 3. Let o(f) = c*q(f) + 5*y(f). What is the units digit of o(5)?
7
Let p(l) = 353*l - 106. Let k be p(7). Suppose 0 = -3*y + 8*y - k. What is the hundreds digit of y?